{"id":2645,"date":"2023-01-23T18:40:10","date_gmt":"2023-01-23T18:40:10","guid":{"rendered":"http:\/\/www.bridgeivrea.it\/?page_id=2645"},"modified":"2026-04-07T15:30:33","modified_gmt":"2026-04-07T15:30:33","slug":"rivedi-tornei-new","status":"publish","type":"page","link":"https:\/\/www.bridgeivrea.it\/?page_id=2645","title":{"rendered":"Tornei"},"content":{"rendered":"<table style=\"border: 2px solid darkblue; font-size: 0.875em; box-shadow: 1px 1px 1px blue; border-radius: 3px; padding: 1px 1px 1px 1px; width: 100%;\" align=\"center\">\n<tbody>\n<tr style=\"text-align: top;\">\n<td style=\"border: 1px blue; width: 25%; padding: 2px; text-align: center;\"><strong>Luned\u00ec<br \/>\n<\/strong><\/td>\n<td style=\"border: 1px blue; width: 25%; padding: 2px; text-align: center;\"><strong>Marted\u00ec<br \/>\n<\/strong><\/td>\n<td style=\"border: 1px blue; width: 25%; padding: 2px; text-align: center;\"><strong>Gioved\u00ec<br \/>\n<\/strong><\/td>\n<td style=\"border: 1px blue; width: 25%; padding: 2px; text-align: center;\"><strong>Venerd\u00ec<br \/>\n<\/strong><\/td>\n<\/tr>\n<tr style=\"height: 70px; text-align: top;\">\n<td style=\"border: 1px solid blue; text-align: center; padding: 2px;\"><strong>Torneo Sociale&nbsp;<\/strong><br \/>\n<strong> hh 15:00<\/strong><strong>Simultaneo Giovanile<\/strong><br \/>\n<strong>hh 21:00<br \/>\n<\/strong>(1 volta al a mese)<\/td>\n<td style=\"border: 1px solid blue; text-align: center; padding: 2px;\"><strong>Simultaneo Light<\/strong><br \/>\n<strong>hh 21:00<br \/>\n<\/strong><\/td>\n<td style=\"border: 1px solid blue; text-align: center; padding: 2px;\"><strong>Torneo Sociale&nbsp;<\/strong><br \/>\n<strong> hh 15:00<br \/>\n<\/strong><\/td>\n<td style=\"border: 1px solid blue; text-align: center; padding: 2px;\"><strong>Torneo Sociale<\/strong><br \/>\n<strong>hh 21:00<\/strong><\/td>\n<\/tr>\n<\/tbody>\n<\/table>\n<p><small>Il sociale del Luned\u00ec non sar\u00e0&nbsp; disputato quando \u00e8 previsto in programmazione il simultaneo a supporto del bridge giovanile&nbsp;<\/small><\/p>\n<table width=\"90%\" align=\"center\">\n<tbody>\n<tr>\n<td style=\"text-align: left;\" width=\"33%\"><a href=\"https:\/\/www.bridgeivrea.it\/\/wp-content\/uploads\/creditoSoci.pdf\" target=\"blank\">Situazione CREDITO<\/a><\/td>\n<td width=\"33%\"><a href=\"https:\/\/www.bridgeivrea.it\/\/wp-content\/uploads\/classifica-sociale-2-26.pdf\" target=\"blank\"> CLASSIFICA sociale del trimestre corrente<\/a><\/td>\n<\/tr>\n<\/tbody>\n<\/table>\n<p><small>Per rivedere la classifica e le mani di un torneo gi\u00e0 disputato, click su <strong>RIVEDI<\/strong>.<br \/>\n<small>N.B. da cellulare far scorrere verso sinistra il contenuto della tabella per vedere tutti i dati<\/small><\/small><\/p>\n<p><center><iframe loading=\"lazy\" style=\"border: 1;\" src=\"https:\/\/www.bridgeivrea.it\/wp-content\/uploads\/CustomFigb\/accessoTorneoFigb.php\" width=\"95%\" height=\"800\" frameborder=\"2\"><\/iframe><\/center><\/p>\n","protected":false},"excerpt":{"rendered":"<p>Luned\u00ec Marted\u00ec Gioved\u00ec Venerd\u00ec Torneo Sociale&nbsp; hh 15:00Simultaneo Giovanile hh 21:00 (1 volta al a mese) Simultaneo Light hh 21:00 Torneo Sociale&nbsp; hh 15:00 Torneo Sociale hh 21:00 Il sociale del Luned\u00ec non sar\u00e0&nbsp; disputato quando \u00e8 previsto in programmazione il simultaneo a supporto del bridge giovanile&nbsp; Situazione CREDITO CLASSIFICA sociale del trimestre corrente Per &hellip; <a href=\"https:\/\/www.bridgeivrea.it\/?page_id=2645\" class=\"more-link\">Continue reading<span class=\"screen-reader-text\"> &#8220;Tornei&#8221;<\/span><\/a><\/p>\n","protected":false},"author":1,"featured_media":0,"parent":0,"menu_order":0,"comment_status":"closed","ping_status":"closed","template":"","meta":{"ngg_post_thumbnail":0,"footnotes":""},"class_list":["post-2645","page","type-page","status-publish","hentry"],"_links":{"self":[{"href":"https:\/\/www.bridgeivrea.it\/index.php?rest_route=\/wp\/v2\/pages\/2645","targetHints":{"allow":["GET"]}}],"collection":[{"href":"https:\/\/www.bridgeivrea.it\/index.php?rest_route=\/wp\/v2\/pages"}],"about":[{"href":"https:\/\/www.bridgeivrea.it\/index.php?rest_route=\/wp\/v2\/types\/page"}],"author":[{"embeddable":true,"href":"https:\/\/www.bridgeivrea.it\/index.php?rest_route=\/wp\/v2\/users\/1"}],"replies":[{"embeddable":true,"href":"https:\/\/www.bridgeivrea.it\/index.php?rest_route=%2Fwp%2Fv2%2Fcomments&post=2645"}],"version-history":[{"count":43,"href":"https:\/\/www.bridgeivrea.it\/index.php?rest_route=\/wp\/v2\/pages\/2645\/revisions"}],"predecessor-version":[{"id":3403,"href":"https:\/\/www.bridgeivrea.it\/index.php?rest_route=\/wp\/v2\/pages\/2645\/revisions\/3403"}],"wp:attachment":[{"href":"https:\/\/www.bridgeivrea.it\/index.php?rest_route=%2Fwp%2Fv2%2Fmedia&parent=2645"}],"curies":[{"name":"wp","href":"https:\/\/api.w.org\/{rel}","templated":true}]}}